ate d(16).
34
Let l(t) = 11*t**2 + 509*t - 13559. Calculate l(-65).
-169
Let o(r) = -2*r**2 - 129*r + 4779. Determine o(30).
-891
Let d(b) = b**3 + 26*b**2 - 366*b - 8500. What is d(-27)?
653
Let w(d) = -d**2 - 107334*d - 1502479. Calculate w(-14).
1
Let s(z) = -965*z**2 - 4904*z + 5. Determine s(-5).
400
Let z(n) = 19*n**3 + 781*n**2 + 71*n - 601. Calculate z(-41).
-150
Let o(f) = -3*f**3 - 555*f**2 - 1117*f - 3446. Give o(-183).
31
Let q(l) = -136535*l - 409601. What is q(-3)?
4
Let q(t) = -1538*t + 16955. Determine q(11).
37
Let u(y) = y**3 + 222*y**2 + 10216*y + 16355. Give u(-158).
-77
Let b(f) = -f**3 + 14*f**2 + 274*f - 2936. What is b(11)?
441
Let d(h) = -163*h + 61604. What is d(378)?
-10
Let q(s) = -1257751*s - 3773246. Calculate q(-3).
7
Let u(y) = y**3 - 561*y**2 - 14689*y - 980. Determine u(-25).
-5
Let t(v) = -711*v - 5760. What is t(-8)?
-72
Let y(r) = -5247*r + 68207. Determine y(13).
-4
Let j(s) = -40*s**2 - 41*s - 12. Determine j(3).
-495
Let m(o) = 113*o**2 + 7165*o + 42966. Give m(-6).
4044
Let l(p) = p**2 + 2593*p - 31242. Calculate l(12).
18
Let s(g) = -5*g**2 + 748*g - 16375. Determine s(123).
-16
Let l(u) = -u**2 - 59*u + 6206. What is l(48)?
1070
Let n(o) = 37697*o + 565457. What is n(-15)?
2
Let q(l) = 4209*l - 25725. Determine q(6).
-471
Let m(l) = l**2 - 221*l + 800. Calculate m(0).
800
Let f(o) = 2*o**2 - 193*o + 4399. Give f(43).
-202
Let d(c) = -2*c**3 - 582*c**2 - 439*c + 40892. Calculate d(-290).
2
Let v(h) = 2*h**3 - 9*h**2 + 239*h - 1488. Calculate v(6).
54
Let x(n) = 5*n**2 - 614*n + 10935. Give x(100).
-465
Let p(z) = 164*z + 22026. Calculate p(-134).
50
Let k(w) = 399*w**2 + 9*w - 112. Determine k(3).
3506
Let x(t) = 8311*t + 15555. Calculate x(-2).
-1067
Let f(o) = -1772*o - 166550. What is f(-94)?
18
Let n(o) = 15*o**2 + 3081*o + 2773. What is n(-204)?
-1511
Let q(o) = o**2 - 11757*o - 94100. Determine q(-8).
20
Let a(c) = 3519*c - 24637. Give a(7).
-4
Let z(r) = -r**3 + 43*r**2 + 3265*r - 143830. Calculate z(46).
12
Let t(v) = 4*v**3 + 10109*v + 10108. Calculate t(-1).
-5
Let m(t) = -4*t**2 - 3642*t - 653022. Determine m(-665).
8
Let w(k) = -k**3 + 23*k**2 + 249*k - 115. Calculate w(31).
-84
Let j(w) = 9*w - 1403. What is j(119)?
-332
Let i(a) = 21*a - 916. What is i(11)?
-685
Let c(q) = q**3 - 993*q**2 + 29788*q + 25. Calculate c(31).
-1029
Let f(n) = -15*n**2 - 338*n + 729. What is f(2)?
-7
Let k(y) = 1092*y**2 - 9824*y - 35. Calculate k(9).
1
Let j(z) = -8*z**2 - 83*z - 79. Determine j(-1).
-4
Let t(p) = -7*p**2 - 173*p + 507. Calculate t(3).
-75
Let w(j) = -5*j**3 + 106*j**2 + 1744*j - 524. Give w(32).
-12
Let t(s) = -7306*s**2 - 160737*s - 32. What is t(-22)?
78
Let n(u) = -18044*u + 198524. Calculate n(11).
40
Let i(w) = 4686*w - 370177. Determine i(79).
17
Let b(c) = 2*c**3 - 112*c**2 - 208*c - 996. Calculate b(58).
396
Let z(d) = -d**3 + 147*d**2 - 2122*d + 360. Determine z(131).
-3046
Let o(n) = 280*n + 8774. Give o(-37).
-1586
Let g(q) = -2*q**3 + 547*q**2 + 1376*q + 1041. Determine g(276).
-63
Let a(s) = -32*s**2 - 69*s - 4. Calculate a(-2).
6
Let o(r) = -5*r**3 + 38*r**2 - 57*r + 600. Calculate o(8).
16
Let s(t) = t**2 - 26*t + 72. Calculate s(35).
387
Let l(i) = -i**3 - 24*i**2 + 183*i + 59. Calculate l(-31).
1113
Let h(k) = 5*k**2 + 56*k + 865. What is h(-20)?
1745
Let x(p) = -1406*p**2 - 53472*p - 1677. Give x(-38).
-5
Let n(g) = -6*g**2 + 4024*g - 60310. What is n(15)?
-1300
Let t(u) = 2*u**2 + 160*u - 5754. Determine t(30).
846
Let m(l) = l**3 - 230*l**2 - 3170*l + 2679. Determine m(243).
6
Let k(l) = -1952*l + 16216. Give k(8).
600
Let y(r) = -61*r**3 - 339*r**2 - 293*r - 620. What is y(-5)?
-5
Let h(o) = 3*o**3 + 30*o**2 - 852*o - 8514. Determine h(-10).
6
Let i(h) = 538*h + 83984. Give i(-155).
594
Let z(h) = -12*h**2 - 238*h - 110. Determine z(-21).
-404
Let j(u) = 2*u**2 - 86*u + 411. Calculate j(6).
-33
Let a(f) = f**2 + 387*f + 36207. Calculate a(-230).
97
Let j(g) = 25812*g + 567870. What is j(-22)?
6
Let n(r) = r**3 - 80*r**2 + 117*r + 8831. Determine n(77).
53
Let r(l) = -4*l**2 + 544*l - 5947. Give r(11).
-447
Let i(h) = h**3 - 165*h**2 + 1091*h + 2141. Calculate i(158).
-229
Let p(k) = 17*k**2 - 592*k - 4018. What is p(-6)?
146
Let i(l) = -16*l**2 - 185*l + 652. Calculate i(-14).
106
Let h(k) = 129*k**3 + 4380*k**2 - 195*k + 280. What is h(-34)?
-26
Let q(r) = -3348*r + 9874. Calculate q(3).
-170
Let t(r) = -1109*r**2 + 45*r - 19. Give t(2).
-4365
Let l(x) = x**3 + 563*x - 35. Give l(0).
-35
Let y(w) = -127*w**2 - 61*w - 238. Determine y(-4).
-2026
Let x(t) = -47743*t - 572920. What is x(-12)?
-4
Let j(v) = 1008*v**2 - 5015*v - 80. Calculate j(5).
45
Let n(d) = d**3 - 22*d**2 + 546*d - 11954. Give n(22).
58
Let a(z) = z**3 + 12*z**2 + 22091*z + 242872. What is a(-11)?
-8
Let a(c) = 30349*c - 242987. Give a(8).
-195
Let m(q) = q**3 + 2*q**2 - 60*q - 55. Calculate m(6).
-127
Let a(p) = 59*p**3 + 44*p**2 + 91*p + 6. Determine a(-2).
-472
Let f(k) = 14*k**3 - 1586*k**2 + 449*k + 259. Calculate f(113).
-80
Let t(v) = -84394*v + 253171. Calculate t(3).
-11
Let r(n) = -40*n + 3566. Determine r(98).
-354
Let j(t) = 221232*t - 3097296. Give j(14).
-48
Let r(c) = -3059*c - 33657. Give r(-11).
-8
Let g(j) = j**2 - 975*j + 11646. Give g(12).
90
Let q(h) = 498*h**2 - 1001*h + 7. Calculate q(2).
-3
Let r(a) = -a**3 + 7*a**2 - 20287*a + 162370. Calculate r(8).
10
Let h(c) = -18*c**3 - 308*c**2 - 49*c - 218. Calculate h(-17).
37
Let q(m) = -10*m**2 + 787*m + 787. Give q(-1).
-10
Let r(y) = -16*y**2 - 3071*y - 3064. Give r(-1).
-9
Let y(m) = 2*m**2 - 1057*m + 11421. What is y(11)?
36
Let k(p) = -2809*p + 11232. Determine k(4).
-4
Let x(n) = 68*n**2 - 664*n - 13. Give x(9).
-481
Let k(c) = -3*c**3 + 414*c**2 - 3829*c - 95. Give k(10).
15
Let b(r) = 59*r**2 - 5*r + 26. Give b(-4).
990
Let v(w) = 12*w**2 - 282*w - 328015. What is v(-154)?
5
Let w(s) = s**3 - 23*s**2 + 142*s + 10. Determine w(15).
340
Let s(i) = 2488*i + 23269. Determine s(-10).
-1611
Let l(m) = -18*m**2 + 3537*m - 1563. Calculate l(196).
201
Let j(u) = -u**3 + 111*u**2 + 2090*u + 11012. Calculate j(128).
4
Let i(t) = -3409*t**2 + 129498*t + 1637. Determine i(38).
-35
Let x(l) = -11*l**2 - 316*l - 1297. Determine x(-22).
331
Let c(b) = 13*b**2 + 199*b + 366. Determine c(-13).
-24
Let j(t) = -10493*t - 1259159. Calculate j(-120).
1
Let z(a) = 899*a - 80017. Give z(89).
-6
Let f(k) = 3*k**3 - 71*k**2 - 56*k - 122. Give f(25).
978
Let i(c) = c**2 - 135*c + 508. Determine i(131).
-16
Let l(o) = 10*o**2 + 203*o + 759. Determine l(-5).
-6
Let k(n) = 19*n**2 - 100881*n + 503941. What is k(5)?
11
Let j(l) = -l**3 + 24*l**2 - 1106*l + 23330. Give j(22).
-34
Let s(q) = 4*q**2 - 132*q + 860. What is s(6)?
212
Let q(d) = d**2 + 228*d - 114442. What is q(243)?
11
Let c(q) = q**3 - 410*q**2 + 4774*q + 92. Give c(12).
68
Let k(g) = -g**3 + 85*g**2 + 4204*g - 151. What is k(120)?
329
Let c(u) = -2721*u - 152450. What is c(-56)?
-74
Let j(y) = -225013*y - 1350054. Calculate j(-6).
24
Let c(i) = -8*i**2 + 463*i + 3538. What is c(-7)?
-95
Let f(w) = -350*w - 4804. Give f(-12).
-604
Let m(k) = -694*k + 5827. Calculate m(8).
275
Let h(g) = g**3 + 29*g**2 + 123*g - 93. Calculate h(-22).
589
Let i(l) = 318*l - 4898. What is i(15)?
-128
Let h(a) = a**3 - 62*a**2 + 361*a - 1178. Determine h(56).
222
Let b(n) = 22*n**2 + 58*n - 717. What is b(-11)?
1307
Let m(x) = -395*x - 694. Calculate m(-2).
96
Let v(d) = d**3 + 26*d**2 - 2902*d + 1918. Calculate v(42).
-14
Let p(h) = -2*h**3 + 143*h**2 - 82*h + 11075. Give p(72).
-13
Let c(f) = 66*f**3 + 102498*f**2 + 35*f + 54351. Give c(-1553).
-4
Let z(j) = j**3 + 21*j**2 + 26*j - 68. What is z(-15)?
892
Let z(s) = -3*s**2 + 557*s - 9459. Calculate z(17).
-857
Let k(r) = -93*r - 3281. Give k(-32).
-305
Let x(i) = 1443*i + 288541. Calculate x(-200).
-59
Let z(o) = -1363*o**2 + 6681*o + 11. Determine z(5).
-659
Let v(o) = -o**2 - 66574*o - 865325. Determine v(-13).
-32
Let n(q) = -34734*q - 34751. Give n(-1).
-17
Let i(s) = 246*s - 10687. Calculate i(43).
-109
Let c(l) = 8*l**3 + 160*l**2 + 22*l + 355. Calculate c(-20).
-85
Let s(x) = 380*x**3 + 40*x**2 - 23*x - 18. What is s(1)?
379
Let z(d) = -2*d**2 - 143*d + 77. What is z(-72)?
5
Let f(l) = 2*l**3 + 274*l**2 + 7388*l - 1200. Calculate f(-100).
0
Let c(x) = 